{"id":4,"date":"2021-11-16T11:15:29","date_gmt":"2021-11-16T10:15:29","guid":{"rendered":"https:\/\/prolympia.se\/vaxjo\/?page_id=4"},"modified":"2025-06-25T08:09:07","modified_gmt":"2025-06-25T06:09:07","slug":"startsida","status":"publish","type":"page","link":"https:\/\/prolympia.se\/vaxjo\/","title":{"rendered":"Startsida"},"content":{"rendered":"","protected":false},"excerpt":{"rendered":"","protected":false},"author":1,"featured_media":0,"parent":0,"menu_order":-1,"comment_status":"closed","ping_status":"closed","template":"templates\/template-sub-start.php","meta":{"_acf_changed":false,"footnotes":""},"class_list":["post-4","page","type-page","status-publish","hentry"],"acf":[],"yoast_head":"<!-- This site is optimized with the Yoast SEO plugin v26.8 - https:\/\/yoast.com\/product\/yoast-seo-wordpress\/ -->\n<title>Startsida - Prolympia \u2013 V\u00e4xj\u00f6<\/title>\n<meta name=\"robots\" content=\"index, follow, max-snippet:-1, max-image-preview:large, max-video-preview:-1\" \/>\n<link rel=\"canonical\" href=\"https:\/\/prolympia.se\/vaxjo\/\" \/>\n<meta property=\"og:locale\" content=\"sv_SE\" \/>\n<meta property=\"og:type\" content=\"article\" \/>\n<meta property=\"og:title\" content=\"Startsida - Prolympia \u2013 V\u00e4xj\u00f6\" \/>\n<meta property=\"og:url\" content=\"https:\/\/prolympia.se\/vaxjo\/\" \/>\n<meta property=\"og:site_name\" content=\"Prolympia \u2013 V\u00e4xj\u00f6\" \/>\n<meta property=\"article:modified_time\" content=\"2025-06-25T06:09:07+00:00\" \/>\n<meta name=\"twitter:card\" content=\"summary_large_image\" \/>\n<script type=\"application\/ld+json\" class=\"yoast-schema-graph\">{\"@context\":\"https:\/\/schema.org\",\"@graph\":[{\"@type\":\"WebPage\",\"@id\":\"https:\/\/prolympia.se\/vaxjo\/\",\"url\":\"https:\/\/prolympia.se\/vaxjo\/\",\"name\":\"Startsida - Prolympia \u2013 V\u00e4xj\u00f6\",\"isPartOf\":{\"@id\":\"https:\/\/prolympia.se\/vaxjo\/#website\"},\"datePublished\":\"2021-11-16T10:15:29+00:00\",\"dateModified\":\"2025-06-25T06:09:07+00:00\",\"breadcrumb\":{\"@id\":\"https:\/\/prolympia.se\/vaxjo\/#breadcrumb\"},\"inLanguage\":\"sv-SE\",\"potentialAction\":[{\"@type\":\"ReadAction\",\"target\":[\"https:\/\/prolympia.se\/vaxjo\/\"]}]},{\"@type\":\"BreadcrumbList\",\"@id\":\"https:\/\/prolympia.se\/vaxjo\/#breadcrumb\",\"itemListElement\":[{\"@type\":\"ListItem\",\"position\":1,\"name\":\"Hem\",\"item\":\"https:\/\/prolympia.se\/vaxjo\/\"},{\"@type\":\"ListItem\",\"position\":2,\"name\":\"Startsida\"}]},{\"@type\":\"WebSite\",\"@id\":\"https:\/\/prolympia.se\/vaxjo\/#website\",\"url\":\"https:\/\/prolympia.se\/vaxjo\/\",\"name\":\"Prolympia \u2013 V\u00e4xj\u00f6\",\"description\":\"\u00c4nnu en webbplats hos Prolympia-webbplatser\",\"publisher\":{\"@id\":\"https:\/\/prolympia.se\/vaxjo\/#organization\"},\"potentialAction\":[{\"@type\":\"SearchAction\",\"target\":{\"@type\":\"EntryPoint\",\"urlTemplate\":\"https:\/\/prolympia.se\/vaxjo\/?s={search_term_string}\"},\"query-input\":{\"@type\":\"PropertyValueSpecification\",\"valueRequired\":true,\"valueName\":\"search_term_string\"}}],\"inLanguage\":\"sv-SE\"},{\"@type\":\"Organization\",\"@id\":\"https:\/\/prolympia.se\/vaxjo\/#organization\",\"name\":\"Prolympia\",\"url\":\"https:\/\/prolympia.se\/vaxjo\/\",\"logo\":{\"@type\":\"ImageObject\",\"inLanguage\":\"sv-SE\",\"@id\":\"https:\/\/prolympia.se\/vaxjo\/#\/schema\/logo\/image\/\",\"url\":\"https:\/\/www.prolympia.se\/jonkoping\/wp-content\/uploads\/sites\/2\/2021\/04\/icon-prolympia.png\",\"contentUrl\":\"https:\/\/www.prolympia.se\/jonkoping\/wp-content\/uploads\/sites\/2\/2021\/04\/icon-prolympia.png\",\"width\":512,\"height\":512,\"caption\":\"Prolympia\"},\"image\":{\"@id\":\"https:\/\/prolympia.se\/vaxjo\/#\/schema\/logo\/image\/\"}}]}<\/script>\n<!-- \/ Yoast SEO plugin. -->","yoast_head_json":{"title":"Startsida - Prolympia \u2013 V\u00e4xj\u00f6","robots":{"index":"index","follow":"follow","max-snippet":"max-snippet:-1","max-image-preview":"max-image-preview:large","max-video-preview":"max-video-preview:-1"},"canonical":"https:\/\/prolympia.se\/vaxjo\/","og_locale":"sv_SE","og_type":"article","og_title":"Startsida - Prolympia \u2013 V\u00e4xj\u00f6","og_url":"https:\/\/prolympia.se\/vaxjo\/","og_site_name":"Prolympia \u2013 V\u00e4xj\u00f6","article_modified_time":"2025-06-25T06:09:07+00:00","twitter_card":"summary_large_image","schema":{"@context":"https:\/\/schema.org","@graph":[{"@type":"WebPage","@id":"https:\/\/prolympia.se\/vaxjo\/","url":"https:\/\/prolympia.se\/vaxjo\/","name":"Startsida - Prolympia \u2013 V\u00e4xj\u00f6","isPartOf":{"@id":"https:\/\/prolympia.se\/vaxjo\/#website"},"datePublished":"2021-11-16T10:15:29+00:00","dateModified":"2025-06-25T06:09:07+00:00","breadcrumb":{"@id":"https:\/\/prolympia.se\/vaxjo\/#breadcrumb"},"inLanguage":"sv-SE","potentialAction":[{"@type":"ReadAction","target":["https:\/\/prolympia.se\/vaxjo\/"]}]},{"@type":"BreadcrumbList","@id":"https:\/\/prolympia.se\/vaxjo\/#breadcrumb","itemListElement":[{"@type":"ListItem","position":1,"name":"Hem","item":"https:\/\/prolympia.se\/vaxjo\/"},{"@type":"ListItem","position":2,"name":"Startsida"}]},{"@type":"WebSite","@id":"https:\/\/prolympia.se\/vaxjo\/#website","url":"https:\/\/prolympia.se\/vaxjo\/","name":"Prolympia \u2013 V\u00e4xj\u00f6","description":"\u00c4nnu en webbplats hos Prolympia-webbplatser","publisher":{"@id":"https:\/\/prolympia.se\/vaxjo\/#organization"},"potentialAction":[{"@type":"SearchAction","target":{"@type":"EntryPoint","urlTemplate":"https:\/\/prolympia.se\/vaxjo\/?s={search_term_string}"},"query-input":{"@type":"PropertyValueSpecification","valueRequired":true,"valueName":"search_term_string"}}],"inLanguage":"sv-SE"},{"@type":"Organization","@id":"https:\/\/prolympia.se\/vaxjo\/#organization","name":"Prolympia","url":"https:\/\/prolympia.se\/vaxjo\/","logo":{"@type":"ImageObject","inLanguage":"sv-SE","@id":"https:\/\/prolympia.se\/vaxjo\/#\/schema\/logo\/image\/","url":"https:\/\/www.prolympia.se\/jonkoping\/wp-content\/uploads\/sites\/2\/2021\/04\/icon-prolympia.png","contentUrl":"https:\/\/www.prolympia.se\/jonkoping\/wp-content\/uploads\/sites\/2\/2021\/04\/icon-prolympia.png","width":512,"height":512,"caption":"Prolympia"},"image":{"@id":"https:\/\/prolympia.se\/vaxjo\/#\/schema\/logo\/image\/"}}]}},"_links":{"self":[{"href":"https:\/\/prolympia.se\/vaxjo\/wp-json\/wp\/v2\/pages\/4","targetHints":{"allow":["GET"]}}],"collection":[{"href":"https:\/\/prolympia.se\/vaxjo\/wp-json\/wp\/v2\/pages"}],"about":[{"href":"https:\/\/prolympia.se\/vaxjo\/wp-json\/wp\/v2\/types\/page"}],"author":[{"embeddable":true,"href":"https:\/\/prolympia.se\/vaxjo\/wp-json\/wp\/v2\/users\/1"}],"replies":[{"embeddable":true,"href":"https:\/\/prolympia.se\/vaxjo\/wp-json\/wp\/v2\/comments?post=4"}],"version-history":[{"count":36,"href":"https:\/\/prolympia.se\/vaxjo\/wp-json\/wp\/v2\/pages\/4\/revisions"}],"predecessor-version":[{"id":6756,"href":"https:\/\/prolympia.se\/vaxjo\/wp-json\/wp\/v2\/pages\/4\/revisions\/6756"}],"wp:attachment":[{"href":"https:\/\/prolympia.se\/vaxjo\/wp-json\/wp\/v2\/media?parent=4"}],"curies":[{"name":"wp","href":"https:\/\/api.w.org\/{rel}","templated":true}]}}