{"id":2512,"date":"2022-09-01T09:30:08","date_gmt":"2022-09-01T07:30:08","guid":{"rendered":"https:\/\/prolympia.se\/vaxjo\/?page_id=2512"},"modified":"2025-06-25T07:51:18","modified_gmt":"2025-06-25T05:51:18","slug":"specialidrott","status":"publish","type":"page","link":"https:\/\/prolympia.se\/vaxjo\/specialidrott\/","title":{"rendered":"Specialidrott"},"content":{"rendered":"","protected":false},"excerpt":{"rendered":"","protected":false},"author":1,"featured_media":0,"parent":0,"menu_order":105,"comment_status":"closed","ping_status":"closed","template":"templates\/template-sub-specialidrott.php","meta":{"_acf_changed":false,"footnotes":""},"class_list":["post-2512","page","type-page","status-publish","hentry"],"acf":[],"yoast_head":"<!-- This site is optimized with the Yoast SEO plugin v26.8 - https:\/\/yoast.com\/product\/yoast-seo-wordpress\/ -->\n<title>Specialidrott - Prolympia \u2013 V\u00e4xj\u00f6<\/title>\n<meta name=\"description\" content=\"Specialidrott P\u00e5 Prolympia skapar vi f\u00f6ruts\u00e4ttningar f\u00f6r elever att n\u00e5 s\u00e5 l\u00e5ngt som m\u00f6jligt i sitt l\u00e4rande i kombination med m\u00f6jligheten att utvecklas inom sin idrott p\u00e5 skoltid. V\u00e5r str\u00e4van \u00e4r framf\u00f6rallt att l\u00e4gga grunden till ett livsl\u00e5ngt intresse f\u00f6r idrott och h\u00e4lsa. P\u00e5 Prolympia V\u00e4xj\u00f6 erbjuder vi ett brett utbud av specialidrotter som leds av engagerade idrottscoacher. Vi samarbetar med en rad f\u00f6rbund och f\u00f6reningar inom flera olika idrotter, fr\u00e5n v\u00e4lk\u00e4nda elitklubbar till mindre lokala breddf\u00f6reningar.  Flera av v\u00e5ra elever har blivit framg\u00e5ngsrika i sina f\u00f6reningar och i st\u00f6rre m\u00e4sterskap inom olika idrotter. V\u00e5r str\u00e4van \u00e4r framf\u00f6rallt att l\u00e4gga grunden till ett livsl\u00e5ngt intresse f\u00f6r idrott och h\u00e4lsa.  &nbsp;\" \/>\n<meta name=\"robots\" content=\"index, follow, max-snippet:-1, max-image-preview:large, max-video-preview:-1\" \/>\n<link rel=\"canonical\" href=\"https:\/\/prolympia.se\/vaxjo\/specialidrott\/\" \/>\n<meta property=\"og:locale\" content=\"sv_SE\" \/>\n<meta property=\"og:type\" content=\"article\" \/>\n<meta property=\"og:title\" content=\"Specialidrott - Prolympia \u2013 V\u00e4xj\u00f6\" \/>\n<meta property=\"og:description\" content=\"Specialidrott P\u00e5 Prolympia skapar vi f\u00f6ruts\u00e4ttningar f\u00f6r elever att n\u00e5 s\u00e5 l\u00e5ngt som m\u00f6jligt i sitt l\u00e4rande i kombination med m\u00f6jligheten att utvecklas inom sin idrott p\u00e5 skoltid. V\u00e5r str\u00e4van \u00e4r framf\u00f6rallt att l\u00e4gga grunden till ett livsl\u00e5ngt intresse f\u00f6r idrott och h\u00e4lsa. P\u00e5 Prolympia V\u00e4xj\u00f6 erbjuder vi ett brett utbud av specialidrotter som leds av engagerade idrottscoacher. Vi samarbetar med en rad f\u00f6rbund och f\u00f6reningar inom flera olika idrotter, fr\u00e5n v\u00e4lk\u00e4nda elitklubbar till mindre lokala breddf\u00f6reningar.  Flera av v\u00e5ra elever har blivit framg\u00e5ngsrika i sina f\u00f6reningar och i st\u00f6rre m\u00e4sterskap inom olika idrotter. V\u00e5r str\u00e4van \u00e4r framf\u00f6rallt att l\u00e4gga grunden till ett livsl\u00e5ngt intresse f\u00f6r idrott och h\u00e4lsa.  &nbsp;\" \/>\n<meta property=\"og:url\" content=\"https:\/\/prolympia.se\/vaxjo\/specialidrott\/\" \/>\n<meta property=\"og:site_name\" content=\"Prolympia \u2013 V\u00e4xj\u00f6\" \/>\n<meta property=\"article:modified_time\" content=\"2025-06-25T05:51:18+00:00\" \/>\n<meta name=\"twitter:card\" content=\"summary_large_image\" \/>\n<script type=\"application\/ld+json\" class=\"yoast-schema-graph\">{\"@context\":\"https:\/\/schema.org\",\"@graph\":[{\"@type\":\"WebPage\",\"@id\":\"https:\/\/prolympia.se\/vaxjo\/specialidrott\/\",\"url\":\"https:\/\/prolympia.se\/vaxjo\/specialidrott\/\",\"name\":\"Specialidrott - Prolympia \u2013 V\u00e4xj\u00f6\",\"isPartOf\":{\"@id\":\"https:\/\/prolympia.se\/vaxjo\/#website\"},\"datePublished\":\"2022-09-01T07:30:08+00:00\",\"dateModified\":\"2025-06-25T05:51:18+00:00\",\"description\":\"Specialidrott P\u00e5 Prolympia skapar vi f\u00f6ruts\u00e4ttningar f\u00f6r elever att n\u00e5 s\u00e5 l\u00e5ngt som m\u00f6jligt i sitt l\u00e4rande i kombination med m\u00f6jligheten att utvecklas inom sin idrott p\u00e5 skoltid. V\u00e5r str\u00e4van \u00e4r framf\u00f6rallt att l\u00e4gga grunden till ett livsl\u00e5ngt intresse f\u00f6r idrott och h\u00e4lsa. P\u00e5 Prolympia V\u00e4xj\u00f6 erbjuder vi ett brett utbud av specialidrotter som leds av engagerade idrottscoacher. Vi samarbetar med en rad f\u00f6rbund och f\u00f6reningar inom flera olika idrotter, fr\u00e5n v\u00e4lk\u00e4nda elitklubbar till mindre lokala breddf\u00f6reningar. Flera av v\u00e5ra elever har blivit framg\u00e5ngsrika i sina f\u00f6reningar och i st\u00f6rre m\u00e4sterskap inom olika idrotter. V\u00e5r str\u00e4van \u00e4r framf\u00f6rallt att l\u00e4gga grunden till ett livsl\u00e5ngt intresse f\u00f6r idrott och h\u00e4lsa. &nbsp;\",\"breadcrumb\":{\"@id\":\"https:\/\/prolympia.se\/vaxjo\/specialidrott\/#breadcrumb\"},\"inLanguage\":\"sv-SE\",\"potentialAction\":[{\"@type\":\"ReadAction\",\"target\":[\"https:\/\/prolympia.se\/vaxjo\/specialidrott\/\"]}]},{\"@type\":\"BreadcrumbList\",\"@id\":\"https:\/\/prolympia.se\/vaxjo\/specialidrott\/#breadcrumb\",\"itemListElement\":[{\"@type\":\"ListItem\",\"position\":1,\"name\":\"Hem\",\"item\":\"https:\/\/prolympia.se\/vaxjo\/\"},{\"@type\":\"ListItem\",\"position\":2,\"name\":\"Specialidrott\"}]},{\"@type\":\"WebSite\",\"@id\":\"https:\/\/prolympia.se\/vaxjo\/#website\",\"url\":\"https:\/\/prolympia.se\/vaxjo\/\",\"name\":\"Prolympia \u2013 V\u00e4xj\u00f6\",\"description\":\"\u00c4nnu en webbplats hos Prolympia-webbplatser\",\"publisher\":{\"@id\":\"https:\/\/prolympia.se\/vaxjo\/#organization\"},\"potentialAction\":[{\"@type\":\"SearchAction\",\"target\":{\"@type\":\"EntryPoint\",\"urlTemplate\":\"https:\/\/prolympia.se\/vaxjo\/?s={search_term_string}\"},\"query-input\":{\"@type\":\"PropertyValueSpecification\",\"valueRequired\":true,\"valueName\":\"search_term_string\"}}],\"inLanguage\":\"sv-SE\"},{\"@type\":\"Organization\",\"@id\":\"https:\/\/prolympia.se\/vaxjo\/#organization\",\"name\":\"Prolympia\",\"url\":\"https:\/\/prolympia.se\/vaxjo\/\",\"logo\":{\"@type\":\"ImageObject\",\"inLanguage\":\"sv-SE\",\"@id\":\"https:\/\/prolympia.se\/vaxjo\/#\/schema\/logo\/image\/\",\"url\":\"https:\/\/www.prolympia.se\/jonkoping\/wp-content\/uploads\/sites\/2\/2021\/04\/icon-prolympia.png\",\"contentUrl\":\"https:\/\/www.prolympia.se\/jonkoping\/wp-content\/uploads\/sites\/2\/2021\/04\/icon-prolympia.png\",\"width\":512,\"height\":512,\"caption\":\"Prolympia\"},\"image\":{\"@id\":\"https:\/\/prolympia.se\/vaxjo\/#\/schema\/logo\/image\/\"}}]}<\/script>\n<!-- \/ Yoast SEO plugin. -->","yoast_head_json":{"title":"Specialidrott - Prolympia \u2013 V\u00e4xj\u00f6","description":"Specialidrott P\u00e5 Prolympia skapar vi f\u00f6ruts\u00e4ttningar f\u00f6r elever att n\u00e5 s\u00e5 l\u00e5ngt som m\u00f6jligt i sitt l\u00e4rande i kombination med m\u00f6jligheten att utvecklas inom sin idrott p\u00e5 skoltid. V\u00e5r str\u00e4van \u00e4r framf\u00f6rallt att l\u00e4gga grunden till ett livsl\u00e5ngt intresse f\u00f6r idrott och h\u00e4lsa. P\u00e5 Prolympia V\u00e4xj\u00f6 erbjuder vi ett brett utbud av specialidrotter som leds av engagerade idrottscoacher. Vi samarbetar med en rad f\u00f6rbund och f\u00f6reningar inom flera olika idrotter, fr\u00e5n v\u00e4lk\u00e4nda elitklubbar till mindre lokala breddf\u00f6reningar.  Flera av v\u00e5ra elever har blivit framg\u00e5ngsrika i sina f\u00f6reningar och i st\u00f6rre m\u00e4sterskap inom olika idrotter. V\u00e5r str\u00e4van \u00e4r framf\u00f6rallt att l\u00e4gga grunden till ett livsl\u00e5ngt intresse f\u00f6r idrott och h\u00e4lsa.  &nbsp;","robots":{"index":"index","follow":"follow","max-snippet":"max-snippet:-1","max-image-preview":"max-image-preview:large","max-video-preview":"max-video-preview:-1"},"canonical":"https:\/\/prolympia.se\/vaxjo\/specialidrott\/","og_locale":"sv_SE","og_type":"article","og_title":"Specialidrott - Prolympia \u2013 V\u00e4xj\u00f6","og_description":"Specialidrott P\u00e5 Prolympia skapar vi f\u00f6ruts\u00e4ttningar f\u00f6r elever att n\u00e5 s\u00e5 l\u00e5ngt som m\u00f6jligt i sitt l\u00e4rande i kombination med m\u00f6jligheten att utvecklas inom sin idrott p\u00e5 skoltid. V\u00e5r str\u00e4van \u00e4r framf\u00f6rallt att l\u00e4gga grunden till ett livsl\u00e5ngt intresse f\u00f6r idrott och h\u00e4lsa. P\u00e5 Prolympia V\u00e4xj\u00f6 erbjuder vi ett brett utbud av specialidrotter som leds av engagerade idrottscoacher. Vi samarbetar med en rad f\u00f6rbund och f\u00f6reningar inom flera olika idrotter, fr\u00e5n v\u00e4lk\u00e4nda elitklubbar till mindre lokala breddf\u00f6reningar.  Flera av v\u00e5ra elever har blivit framg\u00e5ngsrika i sina f\u00f6reningar och i st\u00f6rre m\u00e4sterskap inom olika idrotter. V\u00e5r str\u00e4van \u00e4r framf\u00f6rallt att l\u00e4gga grunden till ett livsl\u00e5ngt intresse f\u00f6r idrott och h\u00e4lsa.  &nbsp;","og_url":"https:\/\/prolympia.se\/vaxjo\/specialidrott\/","og_site_name":"Prolympia \u2013 V\u00e4xj\u00f6","article_modified_time":"2025-06-25T05:51:18+00:00","twitter_card":"summary_large_image","schema":{"@context":"https:\/\/schema.org","@graph":[{"@type":"WebPage","@id":"https:\/\/prolympia.se\/vaxjo\/specialidrott\/","url":"https:\/\/prolympia.se\/vaxjo\/specialidrott\/","name":"Specialidrott - Prolympia \u2013 V\u00e4xj\u00f6","isPartOf":{"@id":"https:\/\/prolympia.se\/vaxjo\/#website"},"datePublished":"2022-09-01T07:30:08+00:00","dateModified":"2025-06-25T05:51:18+00:00","description":"Specialidrott P\u00e5 Prolympia skapar vi f\u00f6ruts\u00e4ttningar f\u00f6r elever att n\u00e5 s\u00e5 l\u00e5ngt som m\u00f6jligt i sitt l\u00e4rande i kombination med m\u00f6jligheten att utvecklas inom sin idrott p\u00e5 skoltid. V\u00e5r str\u00e4van \u00e4r framf\u00f6rallt att l\u00e4gga grunden till ett livsl\u00e5ngt intresse f\u00f6r idrott och h\u00e4lsa. P\u00e5 Prolympia V\u00e4xj\u00f6 erbjuder vi ett brett utbud av specialidrotter som leds av engagerade idrottscoacher. Vi samarbetar med en rad f\u00f6rbund och f\u00f6reningar inom flera olika idrotter, fr\u00e5n v\u00e4lk\u00e4nda elitklubbar till mindre lokala breddf\u00f6reningar. Flera av v\u00e5ra elever har blivit framg\u00e5ngsrika i sina f\u00f6reningar och i st\u00f6rre m\u00e4sterskap inom olika idrotter. V\u00e5r str\u00e4van \u00e4r framf\u00f6rallt att l\u00e4gga grunden till ett livsl\u00e5ngt intresse f\u00f6r idrott och h\u00e4lsa. &nbsp;","breadcrumb":{"@id":"https:\/\/prolympia.se\/vaxjo\/specialidrott\/#breadcrumb"},"inLanguage":"sv-SE","potentialAction":[{"@type":"ReadAction","target":["https:\/\/prolympia.se\/vaxjo\/specialidrott\/"]}]},{"@type":"BreadcrumbList","@id":"https:\/\/prolympia.se\/vaxjo\/specialidrott\/#breadcrumb","itemListElement":[{"@type":"ListItem","position":1,"name":"Hem","item":"https:\/\/prolympia.se\/vaxjo\/"},{"@type":"ListItem","position":2,"name":"Specialidrott"}]},{"@type":"WebSite","@id":"https:\/\/prolympia.se\/vaxjo\/#website","url":"https:\/\/prolympia.se\/vaxjo\/","name":"Prolympia \u2013 V\u00e4xj\u00f6","description":"\u00c4nnu en webbplats hos Prolympia-webbplatser","publisher":{"@id":"https:\/\/prolympia.se\/vaxjo\/#organization"},"potentialAction":[{"@type":"SearchAction","target":{"@type":"EntryPoint","urlTemplate":"https:\/\/prolympia.se\/vaxjo\/?s={search_term_string}"},"query-input":{"@type":"PropertyValueSpecification","valueRequired":true,"valueName":"search_term_string"}}],"inLanguage":"sv-SE"},{"@type":"Organization","@id":"https:\/\/prolympia.se\/vaxjo\/#organization","name":"Prolympia","url":"https:\/\/prolympia.se\/vaxjo\/","logo":{"@type":"ImageObject","inLanguage":"sv-SE","@id":"https:\/\/prolympia.se\/vaxjo\/#\/schema\/logo\/image\/","url":"https:\/\/www.prolympia.se\/jonkoping\/wp-content\/uploads\/sites\/2\/2021\/04\/icon-prolympia.png","contentUrl":"https:\/\/www.prolympia.se\/jonkoping\/wp-content\/uploads\/sites\/2\/2021\/04\/icon-prolympia.png","width":512,"height":512,"caption":"Prolympia"},"image":{"@id":"https:\/\/prolympia.se\/vaxjo\/#\/schema\/logo\/image\/"}}]}},"_links":{"self":[{"href":"https:\/\/prolympia.se\/vaxjo\/wp-json\/wp\/v2\/pages\/2512","targetHints":{"allow":["GET"]}}],"collection":[{"href":"https:\/\/prolympia.se\/vaxjo\/wp-json\/wp\/v2\/pages"}],"about":[{"href":"https:\/\/prolympia.se\/vaxjo\/wp-json\/wp\/v2\/types\/page"}],"author":[{"embeddable":true,"href":"https:\/\/prolympia.se\/vaxjo\/wp-json\/wp\/v2\/users\/1"}],"replies":[{"embeddable":true,"href":"https:\/\/prolympia.se\/vaxjo\/wp-json\/wp\/v2\/comments?post=2512"}],"version-history":[{"count":21,"href":"https:\/\/prolympia.se\/vaxjo\/wp-json\/wp\/v2\/pages\/2512\/revisions"}],"predecessor-version":[{"id":6754,"href":"https:\/\/prolympia.se\/vaxjo\/wp-json\/wp\/v2\/pages\/2512\/revisions\/6754"}],"wp:attachment":[{"href":"https:\/\/prolympia.se\/vaxjo\/wp-json\/wp\/v2\/media?parent=2512"}],"curies":[{"name":"wp","href":"https:\/\/api.w.org\/{rel}","templated":true}]}}