{"id":21,"date":"2021-11-16T14:15:48","date_gmt":"2021-11-16T13:15:48","guid":{"rendered":"https:\/\/prolympia.se\/vaxjo\/?page_id=21"},"modified":"2022-09-05T09:58:32","modified_gmt":"2022-09-05T07:58:32","slug":"intresseanmalan-for-elever","status":"publish","type":"page","link":"https:\/\/prolympia.se\/vaxjo\/intresseanmalan-for-elever\/","title":{"rendered":"Bli elev hos oss"},"content":{"rendered":"","protected":false},"excerpt":{"rendered":"","protected":false},"author":1,"featured_media":0,"parent":0,"menu_order":0,"comment_status":"closed","ping_status":"closed","template":"templates\/template-sub-ansokan.php","meta":{"_acf_changed":false,"footnotes":""},"class_list":["post-21","page","type-page","status-publish","hentry"],"acf":[],"yoast_head":"<!-- This site is optimized with the Yoast SEO plugin v26.8 - https:\/\/yoast.com\/product\/yoast-seo-wordpress\/ -->\n<title>Bli elev hos oss - Prolympia \u2013 V\u00e4xj\u00f6<\/title>\n<meta name=\"description\" content=\"Ans\u00f6kan Har ditt barn ett stort idrottsintresse, och vill n\u00e5 framg\u00e5ng inom b\u00e5de skolan och idrotten? D\u00e5 ska ni s\u00f6ka till Prolympia \u2013 det sj\u00e4lvklara valet f\u00f6r dig som vill kombinera idrott och studier i grundskolan. H\u00e4r utvecklar du kunskaper f\u00f6r livet, st\u00e4rkta av idrottens positiva effekter p\u00e5 din fysiska och personliga utveckling. P\u00e5 Prolympia l\u00e4gger du grunden f\u00f6r ett livsl\u00e5ngt l\u00e4rande. P\u00e5 Prolympia erbjuder vi landets b\u00e4sta f\u00f6ruts\u00e4ttningar f\u00f6r att kombinera kunskap och idrott p\u00e5 grundskoleniv\u00e5. Vi erbjuder v\u00e5ra elever en l\u00e4rmilj\u00f6 som ger dem m\u00f6jlighet till delaktighet, l\u00e4rande och utveckling.  Vi vet att r\u00f6relse och idrott skapar goda f\u00f6ruts\u00e4ttningar f\u00f6r att \u00f6ka prestations- och inl\u00e4rningsf\u00f6rm\u00e5gan. H\u00e4r utvecklar du kunskaper f\u00f6r livet, st\u00e4rkta av\u00a0idrottens positiva\u00a0effekter p\u00e5 fysiska och personliga utveckling. Hos oss f\u00e5r du kraft att v\u00e4xa tillsammans med s\u00e5v\u00e4l oss i skolan som v\u00e5ra lokala f\u00f6reningar och tr\u00e4nare.  Oavsett vad du vill bli i framtiden \u00e4r det ett klokt val att l\u00e4gga grunden h\u00e4r oss p\u00e5 Prolympia \u2013 med kunskap, trygghet, idrott och h\u00e4lsa.  Vi lovar att din tid p\u00e5 Prolympia blir en h\u00f6jdpunkt i livet. V\u00e4lkommen!  S\u00e5 g\u00e5r antagningsprocessen till  Vi till\u00e4mpar syskonf\u00f6rtur, vilket inneb\u00e4r att den som redan har ett eller flera syskon p\u00e5 skolan garanteras den f\u00f6rsta platsen. D\u00e4refter g\u00e4ller anm\u00e4lningsdatum. Passa d\u00e4rf\u00f6r p\u00e5 att anm\u00e4la dig som tidigt som m\u00f6jligt.  N\u00e4r du har skickat in ans\u00f6kan f\u00e5r du ett mejl med inloggningsuppgifter till v\u00e5rt system. D\u00e4r kan du administrera ditt konto och f\u00e5r alltid aktuell information fr\u00e5n oss.  Har du fr\u00e5gor kring antagningen? Kontakta respektive skola.\u00a0Kontaktuppgifter hittar du h\u00e4r!\" \/>\n<meta name=\"robots\" content=\"index, follow, max-snippet:-1, max-image-preview:large, max-video-preview:-1\" \/>\n<link rel=\"canonical\" href=\"https:\/\/prolympia.se\/vaxjo\/intresseanmalan-for-elever\/\" \/>\n<meta property=\"og:locale\" content=\"sv_SE\" \/>\n<meta property=\"og:type\" content=\"article\" \/>\n<meta property=\"og:title\" content=\"Bli elev hos oss - Prolympia \u2013 V\u00e4xj\u00f6\" \/>\n<meta property=\"og:description\" content=\"Ans\u00f6kan Har ditt barn ett stort idrottsintresse, och vill n\u00e5 framg\u00e5ng inom b\u00e5de skolan och idrotten? D\u00e5 ska ni s\u00f6ka till Prolympia \u2013 det sj\u00e4lvklara valet f\u00f6r dig som vill kombinera idrott och studier i grundskolan. H\u00e4r utvecklar du kunskaper f\u00f6r livet, st\u00e4rkta av idrottens positiva effekter p\u00e5 din fysiska och personliga utveckling. P\u00e5 Prolympia l\u00e4gger du grunden f\u00f6r ett livsl\u00e5ngt l\u00e4rande. P\u00e5 Prolympia erbjuder vi landets b\u00e4sta f\u00f6ruts\u00e4ttningar f\u00f6r att kombinera kunskap och idrott p\u00e5 grundskoleniv\u00e5. Vi erbjuder v\u00e5ra elever en l\u00e4rmilj\u00f6 som ger dem m\u00f6jlighet till delaktighet, l\u00e4rande och utveckling.  Vi vet att r\u00f6relse och idrott skapar goda f\u00f6ruts\u00e4ttningar f\u00f6r att \u00f6ka prestations- och inl\u00e4rningsf\u00f6rm\u00e5gan. H\u00e4r utvecklar du kunskaper f\u00f6r livet, st\u00e4rkta av\u00a0idrottens positiva\u00a0effekter p\u00e5 fysiska och personliga utveckling. Hos oss f\u00e5r du kraft att v\u00e4xa tillsammans med s\u00e5v\u00e4l oss i skolan som v\u00e5ra lokala f\u00f6reningar och tr\u00e4nare.  Oavsett vad du vill bli i framtiden \u00e4r det ett klokt val att l\u00e4gga grunden h\u00e4r oss p\u00e5 Prolympia \u2013 med kunskap, trygghet, idrott och h\u00e4lsa.  Vi lovar att din tid p\u00e5 Prolympia blir en h\u00f6jdpunkt i livet. V\u00e4lkommen!  S\u00e5 g\u00e5r antagningsprocessen till  Vi till\u00e4mpar syskonf\u00f6rtur, vilket inneb\u00e4r att den som redan har ett eller flera syskon p\u00e5 skolan garanteras den f\u00f6rsta platsen. D\u00e4refter g\u00e4ller anm\u00e4lningsdatum. Passa d\u00e4rf\u00f6r p\u00e5 att anm\u00e4la dig som tidigt som m\u00f6jligt.  N\u00e4r du har skickat in ans\u00f6kan f\u00e5r du ett mejl med inloggningsuppgifter till v\u00e5rt system. D\u00e4r kan du administrera ditt konto och f\u00e5r alltid aktuell information fr\u00e5n oss.  Har du fr\u00e5gor kring antagningen? Kontakta respektive skola.\u00a0Kontaktuppgifter hittar du h\u00e4r!\" \/>\n<meta property=\"og:url\" content=\"https:\/\/prolympia.se\/vaxjo\/intresseanmalan-for-elever\/\" \/>\n<meta property=\"og:site_name\" content=\"Prolympia \u2013 V\u00e4xj\u00f6\" \/>\n<meta property=\"article:modified_time\" content=\"2022-09-05T07:58:32+00:00\" \/>\n<meta name=\"twitter:card\" content=\"summary_large_image\" \/>\n<script type=\"application\/ld+json\" class=\"yoast-schema-graph\">{\"@context\":\"https:\/\/schema.org\",\"@graph\":[{\"@type\":\"WebPage\",\"@id\":\"https:\/\/prolympia.se\/vaxjo\/intresseanmalan-for-elever\/\",\"url\":\"https:\/\/prolympia.se\/vaxjo\/intresseanmalan-for-elever\/\",\"name\":\"Bli elev hos oss - Prolympia \u2013 V\u00e4xj\u00f6\",\"isPartOf\":{\"@id\":\"https:\/\/prolympia.se\/vaxjo\/#website\"},\"datePublished\":\"2021-11-16T13:15:48+00:00\",\"dateModified\":\"2022-09-05T07:58:32+00:00\",\"description\":\"Ans\u00f6kan Har ditt barn ett stort idrottsintresse, och vill n\u00e5 framg\u00e5ng inom b\u00e5de skolan och idrotten? D\u00e5 ska ni s\u00f6ka till Prolympia \u2013 det sj\u00e4lvklara valet f\u00f6r dig som vill kombinera idrott och studier i grundskolan. H\u00e4r utvecklar du kunskaper f\u00f6r livet, st\u00e4rkta av idrottens positiva effekter p\u00e5 din fysiska och personliga utveckling. P\u00e5 Prolympia l\u00e4gger du grunden f\u00f6r ett livsl\u00e5ngt l\u00e4rande. P\u00e5 Prolympia erbjuder vi landets b\u00e4sta f\u00f6ruts\u00e4ttningar f\u00f6r att kombinera kunskap och idrott p\u00e5 grundskoleniv\u00e5. Vi erbjuder v\u00e5ra elever en l\u00e4rmilj\u00f6 som ger dem m\u00f6jlighet till delaktighet, l\u00e4rande och utveckling. Vi vet att r\u00f6relse och idrott skapar goda f\u00f6ruts\u00e4ttningar f\u00f6r att \u00f6ka prestations- och inl\u00e4rningsf\u00f6rm\u00e5gan. H\u00e4r utvecklar du kunskaper f\u00f6r livet, st\u00e4rkta av\u00a0idrottens positiva\u00a0effekter p\u00e5 fysiska och personliga utveckling. Hos oss f\u00e5r du kraft att v\u00e4xa tillsammans med s\u00e5v\u00e4l oss i skolan som v\u00e5ra lokala f\u00f6reningar och tr\u00e4nare. Oavsett vad du vill bli i framtiden \u00e4r det ett klokt val att l\u00e4gga grunden h\u00e4r oss p\u00e5 Prolympia \u2013 med kunskap, trygghet, idrott och h\u00e4lsa. Vi lovar att din tid p\u00e5 Prolympia blir en h\u00f6jdpunkt i livet. V\u00e4lkommen! S\u00e5 g\u00e5r antagningsprocessen till Vi till\u00e4mpar syskonf\u00f6rtur, vilket inneb\u00e4r att den som redan har ett eller flera syskon p\u00e5 skolan garanteras den f\u00f6rsta platsen. D\u00e4refter g\u00e4ller anm\u00e4lningsdatum. Passa d\u00e4rf\u00f6r p\u00e5 att anm\u00e4la dig som tidigt som m\u00f6jligt. N\u00e4r du har skickat in ans\u00f6kan f\u00e5r du ett mejl med inloggningsuppgifter till v\u00e5rt system. D\u00e4r kan du administrera ditt konto och f\u00e5r alltid aktuell information fr\u00e5n oss. Har du fr\u00e5gor kring antagningen? Kontakta respektive skola.\u00a0Kontaktuppgifter hittar du h\u00e4r!\",\"breadcrumb\":{\"@id\":\"https:\/\/prolympia.se\/vaxjo\/intresseanmalan-for-elever\/#breadcrumb\"},\"inLanguage\":\"sv-SE\",\"potentialAction\":[{\"@type\":\"ReadAction\",\"target\":[\"https:\/\/prolympia.se\/vaxjo\/intresseanmalan-for-elever\/\"]}]},{\"@type\":\"BreadcrumbList\",\"@id\":\"https:\/\/prolympia.se\/vaxjo\/intresseanmalan-for-elever\/#breadcrumb\",\"itemListElement\":[{\"@type\":\"ListItem\",\"position\":1,\"name\":\"Hem\",\"item\":\"https:\/\/prolympia.se\/vaxjo\/\"},{\"@type\":\"ListItem\",\"position\":2,\"name\":\"Bli elev hos oss\"}]},{\"@type\":\"WebSite\",\"@id\":\"https:\/\/prolympia.se\/vaxjo\/#website\",\"url\":\"https:\/\/prolympia.se\/vaxjo\/\",\"name\":\"Prolympia \u2013 V\u00e4xj\u00f6\",\"description\":\"\u00c4nnu en webbplats hos Prolympia-webbplatser\",\"publisher\":{\"@id\":\"https:\/\/prolympia.se\/vaxjo\/#organization\"},\"potentialAction\":[{\"@type\":\"SearchAction\",\"target\":{\"@type\":\"EntryPoint\",\"urlTemplate\":\"https:\/\/prolympia.se\/vaxjo\/?s={search_term_string}\"},\"query-input\":{\"@type\":\"PropertyValueSpecification\",\"valueRequired\":true,\"valueName\":\"search_term_string\"}}],\"inLanguage\":\"sv-SE\"},{\"@type\":\"Organization\",\"@id\":\"https:\/\/prolympia.se\/vaxjo\/#organization\",\"name\":\"Prolympia\",\"url\":\"https:\/\/prolympia.se\/vaxjo\/\",\"logo\":{\"@type\":\"ImageObject\",\"inLanguage\":\"sv-SE\",\"@id\":\"https:\/\/prolympia.se\/vaxjo\/#\/schema\/logo\/image\/\",\"url\":\"https:\/\/www.prolympia.se\/jonkoping\/wp-content\/uploads\/sites\/2\/2021\/04\/icon-prolympia.png\",\"contentUrl\":\"https:\/\/www.prolympia.se\/jonkoping\/wp-content\/uploads\/sites\/2\/2021\/04\/icon-prolympia.png\",\"width\":512,\"height\":512,\"caption\":\"Prolympia\"},\"image\":{\"@id\":\"https:\/\/prolympia.se\/vaxjo\/#\/schema\/logo\/image\/\"}}]}<\/script>\n<!-- \/ Yoast SEO plugin. -->","yoast_head_json":{"title":"Bli elev hos oss - Prolympia \u2013 V\u00e4xj\u00f6","description":"Ans\u00f6kan Har ditt barn ett stort idrottsintresse, och vill n\u00e5 framg\u00e5ng inom b\u00e5de skolan och idrotten? D\u00e5 ska ni s\u00f6ka till Prolympia \u2013 det sj\u00e4lvklara valet f\u00f6r dig som vill kombinera idrott och studier i grundskolan. H\u00e4r utvecklar du kunskaper f\u00f6r livet, st\u00e4rkta av idrottens positiva effekter p\u00e5 din fysiska och personliga utveckling. P\u00e5 Prolympia l\u00e4gger du grunden f\u00f6r ett livsl\u00e5ngt l\u00e4rande. P\u00e5 Prolympia erbjuder vi landets b\u00e4sta f\u00f6ruts\u00e4ttningar f\u00f6r att kombinera kunskap och idrott p\u00e5 grundskoleniv\u00e5. Vi erbjuder v\u00e5ra elever en l\u00e4rmilj\u00f6 som ger dem m\u00f6jlighet till delaktighet, l\u00e4rande och utveckling.  Vi vet att r\u00f6relse och idrott skapar goda f\u00f6ruts\u00e4ttningar f\u00f6r att \u00f6ka prestations- och inl\u00e4rningsf\u00f6rm\u00e5gan. H\u00e4r utvecklar du kunskaper f\u00f6r livet, st\u00e4rkta av\u00a0idrottens positiva\u00a0effekter p\u00e5 fysiska och personliga utveckling. Hos oss f\u00e5r du kraft att v\u00e4xa tillsammans med s\u00e5v\u00e4l oss i skolan som v\u00e5ra lokala f\u00f6reningar och tr\u00e4nare.  Oavsett vad du vill bli i framtiden \u00e4r det ett klokt val att l\u00e4gga grunden h\u00e4r oss p\u00e5 Prolympia \u2013 med kunskap, trygghet, idrott och h\u00e4lsa.  Vi lovar att din tid p\u00e5 Prolympia blir en h\u00f6jdpunkt i livet. V\u00e4lkommen!  S\u00e5 g\u00e5r antagningsprocessen till  Vi till\u00e4mpar syskonf\u00f6rtur, vilket inneb\u00e4r att den som redan har ett eller flera syskon p\u00e5 skolan garanteras den f\u00f6rsta platsen. D\u00e4refter g\u00e4ller anm\u00e4lningsdatum. Passa d\u00e4rf\u00f6r p\u00e5 att anm\u00e4la dig som tidigt som m\u00f6jligt.  N\u00e4r du har skickat in ans\u00f6kan f\u00e5r du ett mejl med inloggningsuppgifter till v\u00e5rt system. D\u00e4r kan du administrera ditt konto och f\u00e5r alltid aktuell information fr\u00e5n oss.  Har du fr\u00e5gor kring antagningen? Kontakta respektive skola.\u00a0Kontaktuppgifter hittar du h\u00e4r!","robots":{"index":"index","follow":"follow","max-snippet":"max-snippet:-1","max-image-preview":"max-image-preview:large","max-video-preview":"max-video-preview:-1"},"canonical":"https:\/\/prolympia.se\/vaxjo\/intresseanmalan-for-elever\/","og_locale":"sv_SE","og_type":"article","og_title":"Bli elev hos oss - Prolympia \u2013 V\u00e4xj\u00f6","og_description":"Ans\u00f6kan Har ditt barn ett stort idrottsintresse, och vill n\u00e5 framg\u00e5ng inom b\u00e5de skolan och idrotten? D\u00e5 ska ni s\u00f6ka till Prolympia \u2013 det sj\u00e4lvklara valet f\u00f6r dig som vill kombinera idrott och studier i grundskolan. H\u00e4r utvecklar du kunskaper f\u00f6r livet, st\u00e4rkta av idrottens positiva effekter p\u00e5 din fysiska och personliga utveckling. P\u00e5 Prolympia l\u00e4gger du grunden f\u00f6r ett livsl\u00e5ngt l\u00e4rande. P\u00e5 Prolympia erbjuder vi landets b\u00e4sta f\u00f6ruts\u00e4ttningar f\u00f6r att kombinera kunskap och idrott p\u00e5 grundskoleniv\u00e5. Vi erbjuder v\u00e5ra elever en l\u00e4rmilj\u00f6 som ger dem m\u00f6jlighet till delaktighet, l\u00e4rande och utveckling.  Vi vet att r\u00f6relse och idrott skapar goda f\u00f6ruts\u00e4ttningar f\u00f6r att \u00f6ka prestations- och inl\u00e4rningsf\u00f6rm\u00e5gan. H\u00e4r utvecklar du kunskaper f\u00f6r livet, st\u00e4rkta av\u00a0idrottens positiva\u00a0effekter p\u00e5 fysiska och personliga utveckling. Hos oss f\u00e5r du kraft att v\u00e4xa tillsammans med s\u00e5v\u00e4l oss i skolan som v\u00e5ra lokala f\u00f6reningar och tr\u00e4nare.  Oavsett vad du vill bli i framtiden \u00e4r det ett klokt val att l\u00e4gga grunden h\u00e4r oss p\u00e5 Prolympia \u2013 med kunskap, trygghet, idrott och h\u00e4lsa.  Vi lovar att din tid p\u00e5 Prolympia blir en h\u00f6jdpunkt i livet. V\u00e4lkommen!  S\u00e5 g\u00e5r antagningsprocessen till  Vi till\u00e4mpar syskonf\u00f6rtur, vilket inneb\u00e4r att den som redan har ett eller flera syskon p\u00e5 skolan garanteras den f\u00f6rsta platsen. D\u00e4refter g\u00e4ller anm\u00e4lningsdatum. Passa d\u00e4rf\u00f6r p\u00e5 att anm\u00e4la dig som tidigt som m\u00f6jligt.  N\u00e4r du har skickat in ans\u00f6kan f\u00e5r du ett mejl med inloggningsuppgifter till v\u00e5rt system. D\u00e4r kan du administrera ditt konto och f\u00e5r alltid aktuell information fr\u00e5n oss.  Har du fr\u00e5gor kring antagningen? Kontakta respektive skola.\u00a0Kontaktuppgifter hittar du h\u00e4r!","og_url":"https:\/\/prolympia.se\/vaxjo\/intresseanmalan-for-elever\/","og_site_name":"Prolympia \u2013 V\u00e4xj\u00f6","article_modified_time":"2022-09-05T07:58:32+00:00","twitter_card":"summary_large_image","schema":{"@context":"https:\/\/schema.org","@graph":[{"@type":"WebPage","@id":"https:\/\/prolympia.se\/vaxjo\/intresseanmalan-for-elever\/","url":"https:\/\/prolympia.se\/vaxjo\/intresseanmalan-for-elever\/","name":"Bli elev hos oss - Prolympia \u2013 V\u00e4xj\u00f6","isPartOf":{"@id":"https:\/\/prolympia.se\/vaxjo\/#website"},"datePublished":"2021-11-16T13:15:48+00:00","dateModified":"2022-09-05T07:58:32+00:00","description":"Ans\u00f6kan Har ditt barn ett stort idrottsintresse, och vill n\u00e5 framg\u00e5ng inom b\u00e5de skolan och idrotten? D\u00e5 ska ni s\u00f6ka till Prolympia \u2013 det sj\u00e4lvklara valet f\u00f6r dig som vill kombinera idrott och studier i grundskolan. H\u00e4r utvecklar du kunskaper f\u00f6r livet, st\u00e4rkta av idrottens positiva effekter p\u00e5 din fysiska och personliga utveckling. P\u00e5 Prolympia l\u00e4gger du grunden f\u00f6r ett livsl\u00e5ngt l\u00e4rande. P\u00e5 Prolympia erbjuder vi landets b\u00e4sta f\u00f6ruts\u00e4ttningar f\u00f6r att kombinera kunskap och idrott p\u00e5 grundskoleniv\u00e5. Vi erbjuder v\u00e5ra elever en l\u00e4rmilj\u00f6 som ger dem m\u00f6jlighet till delaktighet, l\u00e4rande och utveckling. Vi vet att r\u00f6relse och idrott skapar goda f\u00f6ruts\u00e4ttningar f\u00f6r att \u00f6ka prestations- och inl\u00e4rningsf\u00f6rm\u00e5gan. H\u00e4r utvecklar du kunskaper f\u00f6r livet, st\u00e4rkta av\u00a0idrottens positiva\u00a0effekter p\u00e5 fysiska och personliga utveckling. Hos oss f\u00e5r du kraft att v\u00e4xa tillsammans med s\u00e5v\u00e4l oss i skolan som v\u00e5ra lokala f\u00f6reningar och tr\u00e4nare. Oavsett vad du vill bli i framtiden \u00e4r det ett klokt val att l\u00e4gga grunden h\u00e4r oss p\u00e5 Prolympia \u2013 med kunskap, trygghet, idrott och h\u00e4lsa. Vi lovar att din tid p\u00e5 Prolympia blir en h\u00f6jdpunkt i livet. V\u00e4lkommen! S\u00e5 g\u00e5r antagningsprocessen till Vi till\u00e4mpar syskonf\u00f6rtur, vilket inneb\u00e4r att den som redan har ett eller flera syskon p\u00e5 skolan garanteras den f\u00f6rsta platsen. D\u00e4refter g\u00e4ller anm\u00e4lningsdatum. Passa d\u00e4rf\u00f6r p\u00e5 att anm\u00e4la dig som tidigt som m\u00f6jligt. N\u00e4r du har skickat in ans\u00f6kan f\u00e5r du ett mejl med inloggningsuppgifter till v\u00e5rt system. D\u00e4r kan du administrera ditt konto och f\u00e5r alltid aktuell information fr\u00e5n oss. Har du fr\u00e5gor kring antagningen? Kontakta respektive skola.\u00a0Kontaktuppgifter hittar du h\u00e4r!","breadcrumb":{"@id":"https:\/\/prolympia.se\/vaxjo\/intresseanmalan-for-elever\/#breadcrumb"},"inLanguage":"sv-SE","potentialAction":[{"@type":"ReadAction","target":["https:\/\/prolympia.se\/vaxjo\/intresseanmalan-for-elever\/"]}]},{"@type":"BreadcrumbList","@id":"https:\/\/prolympia.se\/vaxjo\/intresseanmalan-for-elever\/#breadcrumb","itemListElement":[{"@type":"ListItem","position":1,"name":"Hem","item":"https:\/\/prolympia.se\/vaxjo\/"},{"@type":"ListItem","position":2,"name":"Bli elev hos oss"}]},{"@type":"WebSite","@id":"https:\/\/prolympia.se\/vaxjo\/#website","url":"https:\/\/prolympia.se\/vaxjo\/","name":"Prolympia \u2013 V\u00e4xj\u00f6","description":"\u00c4nnu en webbplats hos Prolympia-webbplatser","publisher":{"@id":"https:\/\/prolympia.se\/vaxjo\/#organization"},"potentialAction":[{"@type":"SearchAction","target":{"@type":"EntryPoint","urlTemplate":"https:\/\/prolympia.se\/vaxjo\/?s={search_term_string}"},"query-input":{"@type":"PropertyValueSpecification","valueRequired":true,"valueName":"search_term_string"}}],"inLanguage":"sv-SE"},{"@type":"Organization","@id":"https:\/\/prolympia.se\/vaxjo\/#organization","name":"Prolympia","url":"https:\/\/prolympia.se\/vaxjo\/","logo":{"@type":"ImageObject","inLanguage":"sv-SE","@id":"https:\/\/prolympia.se\/vaxjo\/#\/schema\/logo\/image\/","url":"https:\/\/www.prolympia.se\/jonkoping\/wp-content\/uploads\/sites\/2\/2021\/04\/icon-prolympia.png","contentUrl":"https:\/\/www.prolympia.se\/jonkoping\/wp-content\/uploads\/sites\/2\/2021\/04\/icon-prolympia.png","width":512,"height":512,"caption":"Prolympia"},"image":{"@id":"https:\/\/prolympia.se\/vaxjo\/#\/schema\/logo\/image\/"}}]}},"_links":{"self":[{"href":"https:\/\/prolympia.se\/vaxjo\/wp-json\/wp\/v2\/pages\/21","targetHints":{"allow":["GET"]}}],"collection":[{"href":"https:\/\/prolympia.se\/vaxjo\/wp-json\/wp\/v2\/pages"}],"about":[{"href":"https:\/\/prolympia.se\/vaxjo\/wp-json\/wp\/v2\/types\/page"}],"author":[{"embeddable":true,"href":"https:\/\/prolympia.se\/vaxjo\/wp-json\/wp\/v2\/users\/1"}],"replies":[{"embeddable":true,"href":"https:\/\/prolympia.se\/vaxjo\/wp-json\/wp\/v2\/comments?post=21"}],"version-history":[{"count":10,"href":"https:\/\/prolympia.se\/vaxjo\/wp-json\/wp\/v2\/pages\/21\/revisions"}],"predecessor-version":[{"id":2578,"href":"https:\/\/prolympia.se\/vaxjo\/wp-json\/wp\/v2\/pages\/21\/revisions\/2578"}],"wp:attachment":[{"href":"https:\/\/prolympia.se\/vaxjo\/wp-json\/wp\/v2\/media?parent=21"}],"curies":[{"name":"wp","href":"https:\/\/api.w.org\/{rel}","templated":true}]}}